*b**3 + 4116*b**2 - 10*b + 3451. Calculate d(343).
21
Let o(c) = -3*c**3 + 221*c**2 - 122*c + 1335. Calculate o(73).
3087
Let i(b) = -6073*b - 5629667. Calculate i(-927).
4
Let i(a) = -6*a**2 - 3946*a + 27567. Calculate i(7).
-349
Let o(r) = 27*r**2 - 329*r + 264. Give o(12).
204
Let i(x) = 64*x + 2823. What is i(-44)?
7
Let v(c) = 13*c**3 - 18*c**2 + 65*c - 29. Calculate v(3).
355
Let s(c) = -c**2 - 1382*c - 47150. Give s(-35).
-5
Let p(q) = -2*q**3 - 30*q**2 + 221*q + 3226. What is p(-13)?
-323
Let c(o) = -2*o**3 + 86*o**2 + 113*o - 1078. Give c(44).
22
Let h(m) = -3*m**2 - 38653*m - 115960. Calculate h(-3).
-28
Let o(h) = -2*h**3 - 790*h**2 + 6*h + 2365. Calculate o(-395).
-5
Let l(f) = -f**2 - 15858*f - 95120. Calculate l(-6).
-8
Let q(s) = -43103*s**2 - 517241*s - 41. Calculate q(-12).
19
Let v(k) = -37508*k + 337566. Give v(9).
-6
Let g(m) = -708086*m + 36112390. What is g(51)?
4
Let l(m) = 1899*m**2 - 3842*m + 25. Calculate l(2).
-63
Let z(x) = -x**2 + 112*x + 43502. Determine z(-160).
-18
Let r(b) = 65131*b - 325479. What is r(5)?
176
Let j(q) = 21165*q - 317472. Calculate j(15).
3
Let c(p) = p**3 + 102*p**2 - 1175*p + 154. Give c(10).
-396
Let y(i) = 3590*i - 452348. Calculate y(126).
-8
Let k(j) = j**3 - j**2 - 300*j - 1701. Determine k(-12).
27
Let r(a) = 7*a**3 - 390*a**2 - 110*a - 138. Determine r(56).
-26
Let u(p) = -117*p**3 + 11*p**2 + 39*p + 45. Calculate u(-2).
947
Let s(y) = -6*y + 783. Determine s(-253).
2301
Let m(k) = -4*k**3 + 1686*k**2 + 2538*k - 1475. Give m(423).
-1475
Let c(z) = 2787321*z - 13936610. Give c(5).
-5
Let j(m) = m**3 - 6*m**2 + 28190*m - 169144. Calculate j(6).
-4
Let h(q) = 107*q**2 + 2714*q + 7. Determine h(-26).
1775
Let d(t) = 634395*t - 22838228. Give d(36).
-8
Let h(f) = 958*f - 27577. Calculate h(29).
205
Let y(r) = 16880*r + 16898. Calculate y(-1).
18
Let a(u) = -u**2 - 595*u + 84979. What is a(119)?
13
Let a(t) = t**2 - 671*t + 112483. What is a(330)?
-47
Let v(h) = -h**2 - 816*h + 47898. Give v(-871).
-7
Let c(p) = -2308*p - 1673298. What is c(-725)?
2
Let o(r) = -2*r**2 + 464*r - 4179. Determine o(9).
-165
Let l(j) = -36*j**2 + 689*j - 725. Give l(18).
13
Let i(g) = -5*g**2 + 168*g - 1373. What is i(16)?
35
Let b(m) = -m**3 + 734*m**2 - 6077*m + 718272. What is b(727)?
-4
Let c(j) = -j**3 - 16*j**2 + 69*j + 570. What is c(-18)?
-24
Let x(l) = -2148*l + 15209. Calculate x(7).
173
Let l(p) = p**2 + 6382*p + 38302. What is l(-6)?
46
Let l(p) = 165196*p - 495600. Calculate l(3).
-12
Let x(l) = 5*l**3 + 49*l**2 - 877*l - 105. Determine x(-19).
-48
Let i(g) = -6*g**3 + 20*g**2 + 11*g + 184. What is i(5)?
-11
Let k(z) = 13*z**2 - 291*z - 3382. What is k(31)?
90
Let f(g) = g**2 + 14491*g - 144982. Give f(10).
28
Let h(r) = -r**3 - 25*r**2 - 86*r + 959. Determine h(12).
-5401
Let p(d) = d**2 - 4466*d + 294730. Calculate p(67).
-3
Let m(k) = -k**3 + 183*k**2 - 1744*k + 2453. Give m(173).
31
Let y(s) = -s**3 + 38*s**2 + 737*s - 32. Determine y(-13).
-994
Let n(c) = -114064*c + 114051. Give n(1).
-13
Let y(d) = 21*d**2 + 58*d + 346. What is y(-6)?
754
Let x(g) = -g**2 - 27*g - 102. Calculate x(13).
-622
Let j(g) = -52*g**3 - 3592*g**2 - 262*g + 967. Give j(-69).
1
Let l(g) = -44*g**3 - 4*g**2 + 191*g + 760. What is l(-4)?
2748
Let w(p) = 9*p**3 + 51*p**2 + 23*p - 38. What is w(-6)?
-284
Let k(y) = 10*y**2 + 9*y - 271. Calculate k(9).
620
Let p(l) = -2*l**3 + 809*l**2 + 13460*l + 48. Calculate p(-16).
-16
Let q(n) = -108*n**2 + 1284*n - 463. What is q(10)?
1577
Let z(s) = 3675*s + 58801. Determine z(-16).
1
Let d(h) = -h**3 - 9*h**2 - 22*h - 688. Give d(-15).
992
Let m(z) = 14036*z + 98074. Determine m(-7).
-178
Let a(g) = -g**2 - 68*g + 22745. Calculate a(119).
492
Let f(b) = b**3 - 1478*b**2 + 17598*b - 4. Give f(12).
68
Let g(y) = y**3 - 2277*y**2 - 659638*y - 4680. What is g(-260)?
0
Let a(u) = -2*u**2 - 3751*u - 11255. Calculate a(-3).
-20
Let j(c) = 18*c + 342. What is j(5)?
432
Let y(x) = -x**3 + 76*x**2 - 485*x - 16. Calculate y(7).
-30
Let l(r) = -2*r**2 + 165*r + 2070. Give l(96).
-522
Let q(p) = -p**3 - 280*p**2 - 14854*p - 1101. What is q(-71)?
-36
Let x(i) = -454*i + 32830. Give x(74).
-766
Let i(k) = -k**2 - 10231*k - 508999. Calculate i(-50).
51
Let i(z) = 298*z**3 + 194*z**2 - 164*z - 28. What is i(1)?
300
Let q(o) = 7*o**2 + 137*o - 81. Determine q(7).
1221
Let a(y) = 9*y**2 + 353*y + 48. Give a(-42).
1098
Let i(t) = -2663*t + 61227. Give i(23).
-22
Let l(u) = -u**2 - 3161*u - 320881. What is l(-105)?
-1
Let u(j) = -15*j**2 - 7438*j - 260984. Calculate u(-38).
0
Let d(q) = -4*q**3 - 29*q**2 - 19301*q - 135054. Calculate d(-7).
4
Let x(v) = 132*v - 13303. Calculate x(101).
29
Let n(z) = -z**3 + 503*z**2 - 25812*z + 928. Calculate n(445).
38
Let i(u) = 4*u**3 + 17*u**2 - 61*u + 99. Determine i(-5).
329
Let x(o) = -o**3 - 52*o**2 - 736*o - 41612. Calculate x(-53).
205
Let n(k) = -683*k - 152935. Calculate n(-223).
-626
Let s(m) = 1127*m + 7355. Determine s(-6).
593
Let v(x) = -x**3 - 10*x**2 + 15834*x + 79302. Give v(-5).
7
Let r(k) = k**3 + 15*k**2 + 34044*k + 476424. Calculate r(-14).
4
Let u(n) = -7104*n + 1371083. Give u(193).
11
Let z(m) = -m**3 - 1064*m**2 + 3138*m + 182. What is z(3)?
-7
Let o(r) = -11*r**3 + 1109*r**2 + 214*r + 73. Give o(101).
1285
Let c(j) = -3847*j + 84583. What is c(22)?
-51
Let s(t) = 308*t + 6329. Determine s(-29).
-2603
Let s(i) = 3*i**3 + 26*i**2 + 65*i + 426. Determine s(-12).
-1794
Let y(t) = 4*t**2 - 8474*t - 1312824. Calculate y(-145).
6
Let k(l) = 1448*l + 172276. Give k(-119).
-36
Let r(q) = -5*q**2 + 375*q - 5070. Give r(13).
-1040
Let f(z) = -1489*z - 2485. Determine f(-2).
493
Let r(y) = 290*y**2 - 175*y - 170. What is r(-1)?
295
Let k(c) = 2*c**3 + 1258*c**2 + 2511*c + 1802. What is k(-627)?
-79
Let r(c) = 136*c**2 - 1392*c + 6. Determine r(10).
-314
Let x(k) = -4*k**3 + 13*k**2 + 27*k - 33. Determine x(-7).
1787
Let m(b) = -5*b**3 + 36*b**2 - 32*b + 256. Calculate m(7).
81
Let n(q) = 1008*q - 634. Give n(1).
374
Let s(w) = -6*w**3 + 736*w**2 - 3979*w + 263. Calculate s(117).
146
Let f(w) = w**2 - 175*w - 211709. What is f(-381)?
127
Let k(f) = -f**2 + 202*f + 4430. Calculate k(222).
-10
Let a(m) = 673*m - 18404. What is a(27)?
-233
Let i(w) = 22*w**3 - 69*w**2 + 783*w - 2349. What is i(3)?
-27
Let z(q) = -3413*q - 191151. Determine z(-56).
-23
Let g(k) = k**3 - 373*k**2 - 2689*k - 169. Determine g(-7).
34
Let y(f) = 1222*f + 372701. Calculate y(-305).
-9
Let h(u) = -5*u**2 + 498*u - 3149. What is h(6)?
-341
Let i(a) = a**3 - 34*a**2 + 436*a - 11793. What is i(32)?
111
Let k(i) = -958*i - 10503. Give k(-11).
35
Let s(i) = -2*i**3 - 59*i**2 - 213*i + 71. Calculate s(-25).
-229
Let i(m) = -m**3 - 62*m**2 + 432*m + 1046. Calculate i(-68).
-586
Let v(f) = 4*f**3 + 61*f**2 - 70*f - 323. Determine v(-16).
29
Let x(y) = 218*y**2 - 93519*y - 1277. Calculate x(429).
10
Let r(q) = -304*q**2 - 16421*q - 115. Give r(-54).
155
Let i(l) = -4*l**2 - 20147*l - 141160. Calculate i(-7).
-327
Let k(a) = -a**3 + 21*a**2 - 110*a + 146. What is k(14)?
-22
Let i(b) = b**3 + 180*b**2 + 2471*b - 17. What is i(-15)?
43
Let u(t) = 10*t**2 - 430*t + 92. Calculate u(44).
532
Let z(u) = 8115*u + 56736. Give z(-7).
-69
Let z(d) = -3727*d + 30071. Calculate z(8).
255
Let f(l) = l**2 + 616*l - 8793. Determine f(14).
27
Let o(m) = -m**2 + 1069*m - 277128. What is o(627)?
6
Let k(v) = v**3 + 20*v**2 - 1724*v - 36018. Calculate k(-21).
-255
Let g(f) = -20*f**2 - 35*f + 227. Calculate g(9).
-1708
Let o(u) = -2*u**2 + 68765*u + 1513780. What is o(-22)?
-18
Let u(q) = 7*q**3 + 267*q**2 + 989*q + 91. Calculate u(-34).
-11
Let t(s) = s**3 + 54*s**2 + 190*s - 4698. Give t(-48).
6
Let n(k) = -242*k**2 + 2482*k - 631. Calculate n(10).
-11
Let i(v) = v**3 + 64*v**2 + 196*v - 10. Calculate i(-3).
-49
Let i(n) = 12800*n + 38442. What is i(-3)?
42
Let g(p) = 325802*p + 8796650. Give g(-27).
-4
Let f(y) = -26*y**3 - 236*y**2 + y + 184. Give f(-9).
13
Let u(h) = -h**3 - 403*h**2 + 6*h + 2390. Calculate u(-403).
-28
Let l(k) = -k**2 - 5713*k + 189632. Determine l(33).
14
Let o(i) = -9*i**2 + 134*i - 30. Give o(9).
447
Let d(m) = 11*m**2 + 308*m + 340. Give d(-26).
-232
Let d(o) = -646*o + 8387. What is d(13)?
-11
Let f(y) = -3499*y - 2417812. What is f(-691)?
-3
Let k(b) = b**2 - 1712*b + 23741.